{"id":1026,"date":"2025-05-19T12:48:25","date_gmt":"2025-05-19T10:48:25","guid":{"rendered":"https:\/\/capoeiragent.com\/?page_id=1026"},"modified":"2025-08-28T14:37:18","modified_gmt":"2025-08-28T12:37:18","slug":"quem-somos-nos","status":"publish","type":"page","link":"https:\/\/capoeiragent.com\/?page_id=1026&lang=pt","title":{"rendered":"Quem somos n\u00f3s?"},"content":{"rendered":"\n<h2 class=\"wp-block-heading alignwide has-text-align-center has-x-large-font-size\">Origem<\/h2>\n\n\n\n<p class=\"has-text-align-center\">Ginga Mundo foi fundado pelo<a href=\"https:\/\/www.instagram.com\/mestresabia\/?hl=en\"> <\/a><a href=\"https:\/\/www.instagram.com\/mestresabia\/?hl=en\" target=\"_blank\" rel=\"noreferrer noopener\">Mestre<\/a><a href=\"https:\/\/www.instagram.com\/mestresabia\/?hl=en\"> Sab\u00eda<\/a> e possui filiais no Brasil, Estados Unidos, Fran\u00e7a, Alemanha, Espanha, Rep\u00fablica Tcheca, Portugal e B\u00e9lgica.<\/p>\n\n\n\n<div style=\"height:var(--wp--preset--spacing--20)\" aria-hidden=\"true\" class=\"wp-block-spacer\"><\/div>\n\n\n\n<div class=\"wp-block-columns alignwide is-layout-flex wp-container-core-columns-is-layout-b0e66f64 wp-block-columns-is-layout-flex\">\n<div class=\"wp-block-column is-layout-flow wp-block-column-is-layout-flow\">\n<figure class=\"wp-block-image size-full\"><img loading=\"lazy\" decoding=\"async\" width=\"1280\" height=\"1920\" src=\"https:\/\/capoeiragent.com\/wp-content\/uploads\/2024\/08\/mvmf3935.jpg\" alt=\"\" class=\"wp-image-566\" style=\"aspect-ratio:4\/3;object-fit:cover\" srcset=\"https:\/\/capoeiragent.com\/wp-content\/uploads\/2024\/08\/mvmf3935.jpg 1280w, https:\/\/capoeiragent.com\/wp-content\/uploads\/2024\/08\/mvmf3935-200x300.jpg 200w, https:\/\/capoeiragent.com\/wp-content\/uploads\/2024\/08\/mvmf3935-683x1024.jpg 683w, https:\/\/capoeiragent.com\/wp-content\/uploads\/2024\/08\/mvmf3935-768x1152.jpg 768w, https:\/\/capoeiragent.com\/wp-content\/uploads\/2024\/08\/mvmf3935-1024x1536.jpg 1024w\" sizes=\"auto, (max-width: 1280px) 100vw, 1280px\" \/><\/figure>\n<\/div>\n\n\n\n<div class=\"wp-block-column is-layout-flow wp-block-column-is-layout-flow\">\n<figure class=\"wp-block-image size-full\"><img loading=\"lazy\" decoding=\"async\" width=\"2560\" height=\"1706\" src=\"https:\/\/capoeiragent.com\/wp-content\/uploads\/2025\/05\/DSC07291-scaled.jpg\" alt=\"\" class=\"wp-image-1081\" style=\"aspect-ratio:4\/3;object-fit:cover\" srcset=\"https:\/\/capoeiragent.com\/wp-content\/uploads\/2025\/05\/DSC07291-scaled.jpg 2560w, https:\/\/capoeiragent.com\/wp-content\/uploads\/2025\/05\/DSC07291-300x200.jpg 300w, https:\/\/capoeiragent.com\/wp-content\/uploads\/2025\/05\/DSC07291-1024x683.jpg 1024w, https:\/\/capoeiragent.com\/wp-content\/uploads\/2025\/05\/DSC07291-768x512.jpg 768w, https:\/\/capoeiragent.com\/wp-content\/uploads\/2025\/05\/DSC07291-1536x1024.jpg 1536w, https:\/\/capoeiragent.com\/wp-content\/uploads\/2025\/05\/DSC07291-2048x1365.jpg 2048w, https:\/\/capoeiragent.com\/wp-content\/uploads\/2025\/05\/DSC07291-1080x720.jpg 1080w\" sizes=\"auto, (max-width: 2560px) 100vw, 2560px\" \/><\/figure>\n<\/div>\n<\/div>\n\n\n\n<div style=\"height:var(--wp--preset--spacing--10)\" aria-hidden=\"true\" class=\"wp-block-spacer\"><\/div>\n\n\n\n<figure class=\"wp-block-pullquote alignwide\"><blockquote><p>Acreditamos de verdade que a capoeira \u00e9 um esporte para todos:<br>jovens ou idosos, em forma ou n\u00e3o, r\u00edgidos ou flex\u00edveis&#8230;<br>Voc\u00ea \u00e9 bem-vindo para descobrir o que a capoeira pode significar para voc\u00ea.<\/p><\/blockquote><\/figure>\n\n\n\n<div style=\"height:var(--wp--preset--spacing--40)\" aria-hidden=\"true\" class=\"wp-block-spacer\"><\/div>\n\n\n\n<h2 class=\"wp-block-heading has-text-align-center\">Treinadores<\/h2>\n\n\n\n<div style=\"height:var(--wp--preset--spacing--30)\" aria-hidden=\"true\" class=\"wp-block-spacer\"><\/div>\n\n\n\n<div class=\"wp-block-columns alignwide is-layout-flex wp-container-core-columns-is-layout-ea1c9e2a wp-block-columns-is-layout-flex\">\n<div class=\"wp-block-column is-layout-flow wp-block-column-is-layout-flow\">\n<figure class=\"wp-block-image size-full is-style-rounded\"><img loading=\"lazy\" decoding=\"async\" width=\"1333\" height=\"2000\" src=\"https:\/\/capoeiragent.com\/wp-content\/uploads\/2025\/06\/MVMF3926.jpg\" alt=\"\" class=\"wp-image-1096\" style=\"aspect-ratio:1;object-fit:cover\" srcset=\"https:\/\/capoeiragent.com\/wp-content\/uploads\/2025\/06\/MVMF3926.jpg 1333w, https:\/\/capoeiragent.com\/wp-content\/uploads\/2025\/06\/MVMF3926-200x300.jpg 200w, https:\/\/capoeiragent.com\/wp-content\/uploads\/2025\/06\/MVMF3926-682x1024.jpg 682w, https:\/\/capoeiragent.com\/wp-content\/uploads\/2025\/06\/MVMF3926-768x1152.jpg 768w, https:\/\/capoeiragent.com\/wp-content\/uploads\/2025\/06\/MVMF3926-1024x1536.jpg 1024w, https:\/\/capoeiragent.com\/wp-content\/uploads\/2025\/06\/MVMF3926-1080x1620.jpg 1080w\" sizes=\"auto, (max-width: 1333px) 100vw, 1333px\" \/><\/figure>\n\n\n\n<h3 class=\"wp-block-heading has-text-align-center has-medium-font-size\">Mestre Sabia<\/h3>\n<\/div>\n\n\n\n<div class=\"wp-block-column is-layout-flow wp-block-column-is-layout-flow\">\n<figure class=\"wp-block-image size-full is-style-rounded\"><img loading=\"lazy\" decoding=\"async\" width=\"1672\" height=\"1920\" src=\"https:\/\/capoeiragent.com\/wp-content\/uploads\/2025\/06\/MVMF5739.jpg\" alt=\"\" class=\"wp-image-1097\" style=\"aspect-ratio:1;object-fit:cover\" srcset=\"https:\/\/capoeiragent.com\/wp-content\/uploads\/2025\/06\/MVMF5739.jpg 1672w, https:\/\/capoeiragent.com\/wp-content\/uploads\/2025\/06\/MVMF5739-261x300.jpg 261w, https:\/\/capoeiragent.com\/wp-content\/uploads\/2025\/06\/MVMF5739-892x1024.jpg 892w, https:\/\/capoeiragent.com\/wp-content\/uploads\/2025\/06\/MVMF5739-768x882.jpg 768w, https:\/\/capoeiragent.com\/wp-content\/uploads\/2025\/06\/MVMF5739-1338x1536.jpg 1338w, https:\/\/capoeiragent.com\/wp-content\/uploads\/2025\/06\/MVMF5739-1080x1240.jpg 1080w\" sizes=\"auto, (max-width: 1672px) 100vw, 1672px\" \/><\/figure>\n\n\n\n<h3 class=\"wp-block-heading has-text-align-center has-medium-font-size\">Duracell<\/h3>\n<\/div>\n\n\n\n<div class=\"wp-block-column is-layout-flow wp-block-column-is-layout-flow\">\n<figure class=\"wp-block-image size-full is-style-rounded\"><img loading=\"lazy\" decoding=\"async\" width=\"905\" height=\"1040\" src=\"https:\/\/capoeiragent.com\/wp-content\/uploads\/2025\/06\/MVMF9211-2.jpg\" alt=\"\" class=\"wp-image-1099\" style=\"aspect-ratio:1;object-fit:cover\" srcset=\"https:\/\/capoeiragent.com\/wp-content\/uploads\/2025\/06\/MVMF9211-2.jpg 905w, https:\/\/capoeiragent.com\/wp-content\/uploads\/2025\/06\/MVMF9211-2-261x300.jpg 261w, https:\/\/capoeiragent.com\/wp-content\/uploads\/2025\/06\/MVMF9211-2-891x1024.jpg 891w, https:\/\/capoeiragent.com\/wp-content\/uploads\/2025\/06\/MVMF9211-2-768x883.jpg 768w\" sizes=\"auto, (max-width: 905px) 100vw, 905px\" \/><\/figure>\n\n\n\n<h3 class=\"wp-block-heading has-text-align-center has-medium-font-size\">Cutia<\/h3>\n<\/div>\n<\/div>\n\n\n\n<div style=\"height:var(--wp--preset--spacing--30)\" aria-hidden=\"true\" class=\"wp-block-spacer\"><\/div>\n\n\n\n<div class=\"wp-block-columns alignwide is-layout-flex wp-container-core-columns-is-layout-ea1c9e2a wp-block-columns-is-layout-flex\">\n<div class=\"wp-block-column is-layout-flow wp-block-column-is-layout-flow\">\n<figure class=\"wp-block-image size-full is-style-rounded\"><img loading=\"lazy\" decoding=\"async\" width=\"1920\" height=\"2021\" src=\"https:\/\/capoeiragent.com\/wp-content\/uploads\/2025\/06\/MVMF4454.jpg\" alt=\"\" class=\"wp-image-1100\" style=\"aspect-ratio:1;object-fit:cover\" srcset=\"https:\/\/capoeiragent.com\/wp-content\/uploads\/2025\/06\/MVMF4454.jpg 1920w, https:\/\/capoeiragent.com\/wp-content\/uploads\/2025\/06\/MVMF4454-285x300.jpg 285w, https:\/\/capoeiragent.com\/wp-content\/uploads\/2025\/06\/MVMF4454-973x1024.jpg 973w, https:\/\/capoeiragent.com\/wp-content\/uploads\/2025\/06\/MVMF4454-768x808.jpg 768w, https:\/\/capoeiragent.com\/wp-content\/uploads\/2025\/06\/MVMF4454-1459x1536.jpg 1459w, https:\/\/capoeiragent.com\/wp-content\/uploads\/2025\/06\/MVMF4454-1080x1137.jpg 1080w\" sizes=\"auto, (max-width: 1920px) 100vw, 1920px\" \/><\/figure>\n\n\n\n<h3 class=\"wp-block-heading has-text-align-center has-medium-font-size\">Caribu<\/h3>\n<\/div>\n\n\n\n<div class=\"wp-block-column is-layout-flow wp-block-column-is-layout-flow\">\n<figure class=\"wp-block-image size-full is-style-rounded\"><img loading=\"lazy\" decoding=\"async\" width=\"1333\" height=\"2000\" src=\"https:\/\/capoeiragent.com\/wp-content\/uploads\/2025\/06\/MVMF5606.jpg\" alt=\"\" class=\"wp-image-1101\" style=\"aspect-ratio:1;object-fit:cover\" srcset=\"https:\/\/capoeiragent.com\/wp-content\/uploads\/2025\/06\/MVMF5606.jpg 1333w, https:\/\/capoeiragent.com\/wp-content\/uploads\/2025\/06\/MVMF5606-200x300.jpg 200w, https:\/\/capoeiragent.com\/wp-content\/uploads\/2025\/06\/MVMF5606-682x1024.jpg 682w, https:\/\/capoeiragent.com\/wp-content\/uploads\/2025\/06\/MVMF5606-768x1152.jpg 768w, https:\/\/capoeiragent.com\/wp-content\/uploads\/2025\/06\/MVMF5606-1024x1536.jpg 1024w, https:\/\/capoeiragent.com\/wp-content\/uploads\/2025\/06\/MVMF5606-1080x1620.jpg 1080w\" sizes=\"auto, (max-width: 1333px) 100vw, 1333px\" \/><\/figure>\n\n\n\n<h3 class=\"wp-block-heading has-text-align-center has-medium-font-size\">Pin\u00f3quio<\/h3>\n<\/div>\n\n\n\n<div class=\"wp-block-column is-layout-flow wp-block-column-is-layout-flow\">\n<figure class=\"wp-block-image size-full is-style-rounded\"><img loading=\"lazy\" decoding=\"async\" width=\"1080\" height=\"1256\" src=\"https:\/\/capoeiragent.com\/wp-content\/uploads\/2024\/08\/mvmf6888.jpg\" alt=\"\" class=\"wp-image-681\" style=\"aspect-ratio:1;object-fit:cover\" srcset=\"https:\/\/capoeiragent.com\/wp-content\/uploads\/2024\/08\/mvmf6888.jpg 1080w, https:\/\/capoeiragent.com\/wp-content\/uploads\/2024\/08\/mvmf6888-258x300.jpg 258w, https:\/\/capoeiragent.com\/wp-content\/uploads\/2024\/08\/mvmf6888-881x1024.jpg 881w, https:\/\/capoeiragent.com\/wp-content\/uploads\/2024\/08\/mvmf6888-768x893.jpg 768w\" sizes=\"auto, (max-width: 1080px) 100vw, 1080px\" \/><\/figure>\n\n\n\n<h3 class=\"wp-block-heading has-text-align-center has-medium-font-size\"><strong>Abobora<\/strong><\/h3>\n<\/div>\n<\/div>\n\n\n\n<div class=\"wp-block-columns alignwide are-vertically-aligned-top is-layout-flex wp-container-core-columns-is-layout-9d6595d7 wp-block-columns-is-layout-flex\">\n<div class=\"wp-block-column is-layout-flow wp-block-column-is-layout-flow\" style=\"flex-basis:40%\"><div class=\"wp-block-image\">\n<figure class=\"alignright is-resized\"><img loading=\"lazy\" decoding=\"async\" width=\"1024\" height=\"985\" src=\"https:\/\/capoeiragent.com\/wp-content\/uploads\/2025\/08\/WhatsApp-Image-2025-08-28-at-11.19.39-1024x985.jpeg\" alt=\"\" class=\"wp-image-1158\" style=\"width:480px;height:auto\" srcset=\"https:\/\/capoeiragent.com\/wp-content\/uploads\/2025\/08\/WhatsApp-Image-2025-08-28-at-11.19.39-1024x985.jpeg 1024w, https:\/\/capoeiragent.com\/wp-content\/uploads\/2025\/08\/WhatsApp-Image-2025-08-28-at-11.19.39-300x289.jpeg 300w, https:\/\/capoeiragent.com\/wp-content\/uploads\/2025\/08\/WhatsApp-Image-2025-08-28-at-11.19.39-768x739.jpeg 768w, https:\/\/capoeiragent.com\/wp-content\/uploads\/2025\/08\/WhatsApp-Image-2025-08-28-at-11.19.39-1080x1039.jpeg 1080w, https:\/\/capoeiragent.com\/wp-content\/uploads\/2025\/08\/WhatsApp-Image-2025-08-28-at-11.19.39.jpeg 1130w\" sizes=\"auto, (max-width: 1024px) 100vw, 1024px\" \/><\/figure>\n<\/div><\/div>\n\n\n\n<div class=\"wp-block-column is-layout-flow wp-block-column-is-layout-flow\" style=\"flex-basis:60%\">\n<h2 class=\"wp-block-heading\">Pessoa de Contato para a Integridade<\/h2>\n\n\n\n<p>Meu nome \u00e9 Tonia (Harpia).<br>Sou a Pessoa de Contato para a Integridade <strong>(Club-API em holand\u00eas)<\/strong> do clube esportivo Ginga Mundo B\u00e9lgica. Voc\u00ea: atleta, pai, treinador, administrador ou outro volunt\u00e1rio do nosso clube esportivo, pode entrar em contato comigo como Club-API com quaisquer perguntas, suspeitas ou reclama\u00e7\u00f5es sobre <strong>comportamentos inadequados.<\/strong><\/p>\n\n\n\n<p>Voc\u00ea est\u00e1 lidando com uma situa\u00e7\u00e3o de comportamento inadequado,<strong> como abuso psicol\u00f3gico, f\u00edsico ou sexual, bullying, viol\u00eancia, discrimina\u00e7\u00e3o, chantagem\u2026?<\/strong> Voc\u00ea notou algum comportamento inaceit\u00e1vel durante suas atividades esportivas?<\/p>\n\n\n\n<p>Voc\u00ea pode me enviar um e-mail para tonia.kiadi@yahoo.com ou enviar uma mensagem de texto\/WhatsApp para 0478 218 718. Normalmente estou presente durante os treinos, ent\u00e3o voc\u00ea pode falar comigo pessoalmente.<\/p>\n\n\n\n<p>Como API do clube, ouvirei sua pergunta ou hist\u00f3ria, tratarei sua den\u00fancia com total discri\u00e7\u00e3o e o aconselharei sobre poss\u00edveis pr\u00f3ximos passos ou encaminhamentos.<\/p>\n<\/div>\n<\/div>\n","protected":false},"excerpt":{"rendered":"<p>Origem Ginga Mundo foi fundado pelo Mestre Sab\u00eda e possui filiais no Brasil, Estados Unidos, Fran\u00e7a, Alemanha, Espanha, Rep\u00fablica Tcheca, Portugal e B\u00e9lgica. Acreditamos de verdade que a capoeira \u00e9 um esporte para todos:jovens ou idosos, em forma ou n\u00e3o, r\u00edgidos ou flex\u00edveis&#8230;Voc\u00ea \u00e9 bem-vindo para descobrir o que a capoeira pode significar para voc\u00ea. &hellip; <a href=\"https:\/\/capoeiragent.com\/?page_id=1026&#038;lang=pt\" class=\"more-link\">Continue reading <span class=\"screen-reader-text\">Quem somos n\u00f3s?<\/span><\/a><\/p>\n","protected":false},"author":1,"featured_media":974,"parent":0,"menu_order":0,"comment_status":"closed","ping_status":"closed","template":"templates\/full-width-page.php","meta":{"footnotes":""},"tags":[],"class_list":["post-1026","page","type-page","status-publish","has-post-thumbnail","hentry"],"jetpack_sharing_enabled":true,"_links":{"self":[{"href":"https:\/\/capoeiragent.com\/index.php?rest_route=\/wp\/v2\/pages\/1026","targetHints":{"allow":["GET"]}}],"collection":[{"href":"https:\/\/capoeiragent.com\/index.php?rest_route=\/wp\/v2\/pages"}],"about":[{"href":"https:\/\/capoeiragent.com\/index.php?rest_route=\/wp\/v2\/types\/page"}],"author":[{"embeddable":true,"href":"https:\/\/capoeiragent.com\/index.php?rest_route=\/wp\/v2\/users\/1"}],"replies":[{"embeddable":true,"href":"https:\/\/capoeiragent.com\/index.php?rest_route=%2Fwp%2Fv2%2Fcomments&post=1026"}],"version-history":[{"count":5,"href":"https:\/\/capoeiragent.com\/index.php?rest_route=\/wp\/v2\/pages\/1026\/revisions"}],"predecessor-version":[{"id":1184,"href":"https:\/\/capoeiragent.com\/index.php?rest_route=\/wp\/v2\/pages\/1026\/revisions\/1184"}],"wp:featuredmedia":[{"embeddable":true,"href":"https:\/\/capoeiragent.com\/index.php?rest_route=\/wp\/v2\/media\/974"}],"wp:attachment":[{"href":"https:\/\/capoeiragent.com\/index.php?rest_route=%2Fwp%2Fv2%2Fmedia&parent=1026"}],"wp:term":[{"taxonomy":"post_tag","embeddable":true,"href":"https:\/\/capoeiragent.com\/index.php?rest_route=%2Fwp%2Fv2%2Ftags&post=1026"}],"curies":[{"name":"wp","href":"https:\/\/api.w.org\/{rel}","templated":true}]}}